{"id":42,"date":"2022-07-06T03:12:04","date_gmt":"2022-07-06T03:12:04","guid":{"rendered":"https:\/\/septiemecielterrier.com\/?page_id=42"},"modified":"2024-08-28T18:14:24","modified_gmt":"2024-08-28T18:14:24","slug":"chiots","status":"publish","type":"page","link":"https:\/\/septiemecielterrier.com\/","title":{"rendered":"Nouvelles &#8211; News"},"content":{"rendered":"\n<p>Camino a compl\u00e9t\u00e9 ses championnats de conformation canadiens et am\u00e9ricains.<br>Voir page <a href=\"https:\/\/septiemecielterrier.com\/index.php\/disponible\/\" data-type=\"page\" data-id=\"241\">M\u00e2le<\/a> &#8211; See page <a href=\"https:\/\/septiemecielterrier.com\/index.php\/available\/\" data-type=\"page\" data-id=\"246\">Stud Dog<\/a><\/p>\n\n\n\n<figure class=\"wp-block-image size-large\"><a href=\"https:\/\/septiemecielterrier.com\/wp-content\/uploads\/2024\/08\/Camino-Champion-AKC-Salem-VA-David-Kirkland-scaled.jpg\"><img loading=\"lazy\" decoding=\"async\" width=\"1024\" height=\"819\" src=\"https:\/\/septiemecielterrier.com\/wp-content\/uploads\/2024\/08\/Camino-Champion-AKC-Salem-VA-David-Kirkland-1024x819.jpg\" alt=\"\" class=\"wp-image-408\" srcset=\"https:\/\/septiemecielterrier.com\/wp-content\/uploads\/2024\/08\/Camino-Champion-AKC-Salem-VA-David-Kirkland-1024x819.jpg 1024w, https:\/\/septiemecielterrier.com\/wp-content\/uploads\/2024\/08\/Camino-Champion-AKC-Salem-VA-David-Kirkland-300x240.jpg 300w, https:\/\/septiemecielterrier.com\/wp-content\/uploads\/2024\/08\/Camino-Champion-AKC-Salem-VA-David-Kirkland-768x614.jpg 768w, https:\/\/septiemecielterrier.com\/wp-content\/uploads\/2024\/08\/Camino-Champion-AKC-Salem-VA-David-Kirkland-1536x1229.jpg 1536w, https:\/\/septiemecielterrier.com\/wp-content\/uploads\/2024\/08\/Camino-Champion-AKC-Salem-VA-David-Kirkland-2048x1638.jpg 2048w, https:\/\/septiemecielterrier.com\/wp-content\/uploads\/2024\/08\/Camino-Champion-AKC-Salem-VA-David-Kirkland-1x1.jpg 1w\" sizes=\"auto, (max-width: 1024px) 100vw, 1024px\" \/><\/a><\/figure>\n\n\n\n<figure class=\"wp-block-image size-large\"><a href=\"https:\/\/septiemecielterrier.com\/wp-content\/uploads\/2024\/04\/IMG_2238-1.jpg\"><img loading=\"lazy\" decoding=\"async\" width=\"1024\" height=\"819\" src=\"http:\/\/septiemecielterrier.com\/wp-content\/uploads\/2024\/04\/IMG_2238-1-1024x819.jpg\" alt=\"\" class=\"wp-image-390\" srcset=\"https:\/\/septiemecielterrier.com\/wp-content\/uploads\/2024\/04\/IMG_2238-1-1024x819.jpg 1024w, https:\/\/septiemecielterrier.com\/wp-content\/uploads\/2024\/04\/IMG_2238-1-300x240.jpg 300w, https:\/\/septiemecielterrier.com\/wp-content\/uploads\/2024\/04\/IMG_2238-1-768x614.jpg 768w, https:\/\/septiemecielterrier.com\/wp-content\/uploads\/2024\/04\/IMG_2238-1-1536x1229.jpg 1536w, https:\/\/septiemecielterrier.com\/wp-content\/uploads\/2024\/04\/IMG_2238-1-1x1.jpg 1w, https:\/\/septiemecielterrier.com\/wp-content\/uploads\/2024\/04\/IMG_2238-1.jpg 2048w\" sizes=\"auto, (max-width: 1024px) 100vw, 1024px\" \/><\/a><\/figure>\n\n\n\n<figure class=\"wp-block-image size-large\"><a href=\"https:\/\/septiemecielterrier.com\/wp-content\/uploads\/2024\/08\/Camino-New-Champion-CKC-scaled-1.jpeg\"><img loading=\"lazy\" decoding=\"async\" width=\"1024\" height=\"819\" src=\"https:\/\/septiemecielterrier.com\/wp-content\/uploads\/2024\/08\/Camino-New-Champion-CKC-scaled-1-1024x819.jpeg\" alt=\"\" class=\"wp-image-438\" srcset=\"https:\/\/septiemecielterrier.com\/wp-content\/uploads\/2024\/08\/Camino-New-Champion-CKC-scaled-1-1024x819.jpeg 1024w, https:\/\/septiemecielterrier.com\/wp-content\/uploads\/2024\/08\/Camino-New-Champion-CKC-scaled-1-300x240.jpeg 300w, https:\/\/septiemecielterrier.com\/wp-content\/uploads\/2024\/08\/Camino-New-Champion-CKC-scaled-1-768x614.jpeg 768w, https:\/\/septiemecielterrier.com\/wp-content\/uploads\/2024\/08\/Camino-New-Champion-CKC-scaled-1-1536x1229.jpeg 1536w, https:\/\/septiemecielterrier.com\/wp-content\/uploads\/2024\/08\/Camino-New-Champion-CKC-scaled-1-2048x1638.jpeg 2048w, https:\/\/septiemecielterrier.com\/wp-content\/uploads\/2024\/08\/Camino-New-Champion-CKC-scaled-1-1x1.jpeg 1w\" sizes=\"auto, (max-width: 1024px) 100vw, 1024px\" \/><\/a><\/figure>\n","protected":false},"excerpt":{"rendered":"<p>Camino a compl\u00e9t\u00e9 ses championnats de conformation canadiens et am\u00e9ricains.Voir page M\u00e2le &#8211; See page Stud Dog<\/p>\n","protected":false},"author":1,"featured_media":0,"parent":0,"menu_order":0,"comment_status":"closed","ping_status":"closed","template":"","meta":{"footnotes":""},"class_list":["post-42","page","type-page","status-publish","hentry"],"_links":{"self":[{"href":"https:\/\/septiemecielterrier.com\/index.php\/wp-json\/wp\/v2\/pages\/42","targetHints":{"allow":["GET"]}}],"collection":[{"href":"https:\/\/septiemecielterrier.com\/index.php\/wp-json\/wp\/v2\/pages"}],"about":[{"href":"https:\/\/septiemecielterrier.com\/index.php\/wp-json\/wp\/v2\/types\/page"}],"author":[{"embeddable":true,"href":"https:\/\/septiemecielterrier.com\/index.php\/wp-json\/wp\/v2\/users\/1"}],"replies":[{"embeddable":true,"href":"https:\/\/septiemecielterrier.com\/index.php\/wp-json\/wp\/v2\/comments?post=42"}],"version-history":[{"count":47,"href":"https:\/\/septiemecielterrier.com\/index.php\/wp-json\/wp\/v2\/pages\/42\/revisions"}],"predecessor-version":[{"id":440,"href":"https:\/\/septiemecielterrier.com\/index.php\/wp-json\/wp\/v2\/pages\/42\/revisions\/440"}],"wp:attachment":[{"href":"https:\/\/septiemecielterrier.com\/index.php\/wp-json\/wp\/v2\/media?parent=42"}],"curies":[{"name":"wp","href":"https:\/\/api.w.org\/{rel}","templated":true}]}}